housands digit of 36517?
6
What is the tens digit of 6554715?
1
What is the hundreds digit of 596398?
3
What is the hundred thousands digit of 1250408?
2
What is the hundreds digit of 2518716?
7
What is the hundreds digit of 152123?
1
What is the ten thousands digit of 50311?
5
What is the thousands digit of 4539385?
9
What is the thousands digit of 1754752?
4
What is the units digit of 2012081?
1
What is the thousands digit of 90709?
0
What is the thousands digit of 1743559?
3
What is the units digit of 1267116?
6
What is the ten thousands digit of 809040?
0
What is the tens digit of 11825111?
1
What is the hundreds digit of 1719587?
5
What is the hundred thousands digit of 30991337?
9
What is the ten thousands digit of 22246412?
4
What is the units digit of 320311?
1
What is the thousands digit of 53291?
3
What is the thousands digit of 1152431?
2
What is the hundred thousands digit of 213994?
2
What is the hundreds digit of 582214?
2
What is the thousands digit of 21288?
1
What is the millions digit of 5058966?
5
What is the hundreds digit of 20447705?
7
What is the hundreds digit of 143638?
6
What is the hundred thousands digit of 420851?
4
What is the thousands digit of 3825?
3
What is the thousands digit of 1009861?
9
What is the units digit of 3124921?
1
What is the units digit of 67765?
5
What is the tens digit of 706017?
1
What is the hundred thousands digit of 2469770?
4
What is the ten millions digit of 40552487?
4
What is the thousands digit of 334381?
4
What is the thousands digit of 13166560?
6
What is the hundreds digit of 712258?
2
What is the tens digit of 3720508?
0
What is the thousands digit of 10483033?
3
What is the ten thousands digit of 4787338?
8
What is the millions digit of 7663738?
7
What is the thousands digit of 429883?
9
What is the hundreds digit of 754296?
2
What is the ten thousands digit of 162395?
6
What is the hundreds digit of 3459493?
4
What is the hundred thousands digit of 732854?
7
What is the ten thousands digit of 442642?
4
What is the ten thousands digit of 21499907?
9
What is the thousands digit of 282611?
2
What is the millions digit of 8280460?
8
What is the ten thousands digit of 896772?
9
What is the tens digit of 121798?
9
What is the tens digit of 16836757?
5
What is the hundred thousands digit of 582124?
5
What is the hundred thousands digit of 1487392?
4
What is the thousands digit of 8378346?
8
What is the tens digit of 873028?
2
What is the ten thousands digit of 395206?
9
What is the tens digit of 2499848?
4
What is the hundred thousands digit of 4071867?
0
What is the thousands digit of 9864017?
4
What is the tens digit of 3753828?
2
What is the hundreds digit of 88644?
6
What is the units digit of 602541?
1
What is the hundreds digit of 118251?
2
What is the units digit of 454470?
0
What is the hundred thousands digit of 280387?
2
What is the units digit of 676603?
3
What is the ten thousands digit of 277809?
7
What is the hundreds digit of 74477?
4
What is the units digit of 136354?
4
What is the hundred thousands digit of 129718?
1
What is the thousands digit of 3576173?
6
What is the units digit of 42572032?
2
What is the hundreds digit of 7118767?
7
What is the units digit of 442959?
9
What is the millions digit of 8779186?
8
What is the millions digit of 5363058?
5
What is the thousands digit of 550605?
0
What is the units digit of 59758?
8
What is the tens digit of 2988767?
6
What is the ten thousands digit of 861598?
6
What is the units digit of 543492?
2
What is the thousands digit of 2632857?
2
What is the ten thousands digit of 4330634?
3
What is the units digit of 20969020?
0
What is the units digit of 161062?
2
What is the ten thousands digit of 38691190?
9
What is the thousands digit of 1595822?
5
What is the hundred thousands digit of 3271523?
2
What is the millions digit of 8311409?
8
What is the millions digit of 6275143?
6
What is the ten thousands digit of 330375?
3
What is the tens digit of 15370962?
6
What is the hundreds digit of 2385173?
1
What is the hundreds digit of 829586?
5
What is the hundred thousands digit of 18301935?
3
What is the hundreds digit of 1549247?
2
What is the hundreds digit of 2736800?
8
What is the hundred thousands digit of 1853918?
8
What is the hundreds digit of 6690253?
2
What is the hundreds digit of 21995042?
0
What is the hundred thousands digit of 1409851?
4
What is the units digit of 16771?
1
What is the thousands digit of 2910688?
0
What is the hundreds digit of 6633670?
6
What is the ten thousands digit of 4024999?
2
What is the thousands digit of 3482715?
2
What is the thousands digit of 96657?
6
What is the thousands digit of 3450076?
0
What is the tens digit of 1426607?
0
What is the thousands digit of 2731115?
1
What is the ten thousands digit of 159142?
5
What is the units digit of 431775?
5
What is the millions digit of 2168515?
2
What is the hundreds digit of 23298396?
3
What is the ten thousands digit of 3227127?
2
What is the tens digit of 2017016?
1
What is the units digit of 306348?
8
What is the hundreds digit of 695882?
8
What is the hundred thousands digit of 313208?
3
What is the hundreds digit of 2944267?
2
What is the units digit of 2182664?
4
What is the ten thousands digit of 6074272?
7
What is the millions digit of 1380459?
1
What is the tens digit of 210617?
1
What is the millions digit of 13222859?
3
What is the hundred thousands digit of 2544014?
5
What is the units digit of 3319008?
8
What is the hundreds digit of 61744?
7
What is the hundred thousands digit of 9526524?
5
What is the ten thousands digit of 266160?
6
What is the millions digit of 1638259?
1
What is the ten thousands digit of 582329?
8
What is the tens digit of 10915550?
5
What is the hundreds digit of 233067?
0
What is the units digit of 122752?
2
What is the hundred thousands digit of 197771?
1
What is the millions digit of 3127510?
3
What is the ten thousands digit of 11080797?
8
What is the hundred thousands digit of 398381?
3
What is the ten thousands digit of 13705294?
0
What is the hundreds digit of 749069?
0
What is the millions digit of 2510437?
2
What is the hundred thousands digit of 1818018?
8
What is the thousands digit of 5846518?
6
What is the tens digit of 325689?
8
What is the units digit of 11429002?
2
What is the hundred thousands digit of 110588?
1
What is the thousands digit of 452391?
2
What is the thousands digit of 860563?
0
What is the ten thousands digit of 157565?
5
What is the ten thousands digit of 3470068?
7
What is the hundred thousands digit of 174995?
1
What is the ten thousands digit of 1252441?
5
What is the units digit of 910825?
5
What is the units digit of 91209?
9
What is the tens digit of 64215?
1
What is the hundreds digit of 243626?
6
What is the millions digit of 1734517?
1
What is the hundreds digit of 189531?
5
What is the tens digit of 5738823?
2
What is the hundreds digit of 4846310?
3
What is the ten thousands digit of 180286?
8
What is the millions digit of 1252351?
1
What is the thousands digit of 10527598?
7
What is the units digit of 139229?
9
What is the tens digit of 15908615?
1
What is the thousands digit of 3621071?
1
What is the thousands digit of 74833?
4
What is the hundreds digit of 3557048?
0
What is the tens digit of 14044521?
2
What is the hundred thousands digit of 2736509?
7
What is the hundreds digit of 2985356?
3
What is the ten thousands digit of 435285?
3
What is the tens digit of 13087918?
1
What is the thousands digit of 17465255?
5
What is the thousands digit of 6342299?
2
What is the tens digit of 4599319?
1
What is the tens digit of 207679?
7
What is the hundreds digit of 3939807?
8
What is the units digit of 1502481?
1
What is the ten thousands digit of 71403?
7
What is the tens digit of 1154303?
0
What is the thousands digit of 2325547?
5
What is the units digit of 555647?
7
What is the millions digit of 1097079?
1
What is the ten thousands digit of 1712475?
1
What is the tens digit of 18240293?
9
What is the units digit of 64573?
3
What is the thousands digit of 5656743?
6
What is the units digit of 2975855?
5
What is the thousands digit of 17916927?
6
What is the hundreds digit of 4540045?
0
What is the ten thousands digit of 176047?
7
What is the ten thousands